{"id":73,"date":"2019-03-12T11:46:21","date_gmt":"2019-03-12T10:46:21","guid":{"rendered":"http:\/\/www.collectifjeuxdemain.fr\/?page_id=73"},"modified":"2025-06-23T16:49:32","modified_gmt":"2025-06-23T14:49:32","slug":"abc-code","status":"publish","type":"page","link":"http:\/\/www.collectifjeuxdemain.fr\/?page_id=73","title":{"rendered":"ABC Cod\u00e9"},"content":{"rendered":"\t\t<div data-elementor-type=\"post\" data-elementor-id=\"73\" class=\"elementor elementor-73\" data-elementor-settings=\"[]\">\n\t\t\t<div class=\"elementor-inner\">\n\t\t\t\t<div class=\"elementor-section-wrap\">\n\t\t\t\t\t\t\t<section class=\"elementor-element elementor-element-112e9271 elementor-section-boxed elementor-section-height-default elementor-section-height-default elementor-section elementor-top-section\" data-id=\"112e9271\" data-element_type=\"section\">\n\t\t\t\t\t\t<div class=\"elementor-container elementor-column-gap-default\">\n\t\t\t\t<div class=\"elementor-row\">\n\t\t\t\t<div class=\"elementor-element elementor-element-7684cbc4 elementor-column elementor-col-100 elementor-top-column\" data-id=\"7684cbc4\" data-element_type=\"column\">\n\t\t\t<div class=\"elementor-column-wrap  elementor-element-populated\">\n\t\t\t\t\t<div class=\"elementor-widget-wrap\">\n\t\t\t\t<div class=\"elementor-element elementor-element-43f8f9d2 elementor-widget elementor-widget-image\" data-id=\"43f8f9d2\" data-element_type=\"widget\" data-widget_type=\"image.default\">\n\t\t\t\t<div class=\"elementor-widget-container\">\n\t\t\t\t\t<div class=\"elementor-image\">\n\t\t\t\t\t\t\t\t\t\t<img loading=\"lazy\" decoding=\"async\" width=\"1024\" height=\"379\" src=\"http:\/\/www.collectifjeuxdemain.fr\/wp-content\/uploads\/2019\/03\/ABC-cod\u00e9-1024x379.jpg\" class=\"attachment-large size-large\" alt=\"\" srcset=\"http:\/\/www.collectifjeuxdemain.fr\/wp-content\/uploads\/2019\/03\/ABC-cod\u00e9-1024x379.jpg 1024w, http:\/\/www.collectifjeuxdemain.fr\/wp-content\/uploads\/2019\/03\/ABC-cod\u00e9-300x111.jpg 300w, http:\/\/www.collectifjeuxdemain.fr\/wp-content\/uploads\/2019\/03\/ABC-cod\u00e9-768x284.jpg 768w\" sizes=\"auto, (max-width: 1024px) 100vw, 1024px\" \/>\t\t\t\t\t\t\t\t\t\t\t<\/div>\n\t\t\t\t<\/div>\n\t\t\t\t<\/div>\n\t\t\t\t\t\t<\/div>\n\t\t\t<\/div>\n\t\t<\/div>\n\t\t\t\t\t\t<\/div>\n\t\t\t<\/div>\n\t\t<\/section>\n\t\t\t\t<section class=\"elementor-element elementor-element-060a436 elementor-section-boxed elementor-section-height-default elementor-section-height-default elementor-section elementor-top-section\" data-id=\"060a436\" data-element_type=\"section\">\n\t\t\t\t\t\t<div class=\"elementor-container elementor-column-gap-default\">\n\t\t\t\t<div class=\"elementor-row\">\n\t\t\t\t<div class=\"elementor-element elementor-element-ae040a7 elementor-column elementor-col-100 elementor-top-column\" data-id=\"ae040a7\" data-element_type=\"column\">\n\t\t\t<div class=\"elementor-column-wrap  elementor-element-populated\">\n\t\t\t\t\t<div class=\"elementor-widget-wrap\">\n\t\t\t\t<div class=\"elementor-element elementor-element-f95efa1 elementor-position-left elementor-view-default elementor-vertical-align-top elementor-widget elementor-widget-icon-box\" data-id=\"f95efa1\" data-element_type=\"widget\" data-widget_type=\"icon-box.default\">\n\t\t\t\t<div class=\"elementor-widget-container\">\n\t\t\t\t\t<div class=\"elementor-icon-box-wrapper\">\n\t\t\t\t\t<div class=\"elementor-icon-box-icon\">\n\t\t\t\t<span class=\"elementor-icon elementor-animation-\" >\n\t\t\t\t<i class=\"fa fa-eye\" aria-hidden=\"true\"><\/i>\n\t\t\t\t<\/span>\n\t\t\t<\/div>\n\t\t\t\t\t\t<div class=\"elementor-icon-box-content\">\n\t\t\t\t<h2 class=\"elementor-icon-box-title\">\n\t\t\t\t\t<span >A.B.Cod\u00e9<\/span>\n\t\t\t\t<\/h2>\n\t\t\t\t<p class=\"elementor-icon-box-description\">Cr\u00e9ation d\u2019un alphabet cod\u00e9 avec l\u2019association Sport dans la Ville. Lyon. F\u00e9vrier 2018.<\/p>\n\t\t\t<\/div>\n\t\t<\/div>\n\t\t\t\t<\/div>\n\t\t\t\t<\/div>\n\t\t\t\t\t\t<\/div>\n\t\t\t<\/div>\n\t\t<\/div>\n\t\t\t\t\t\t<\/div>\n\t\t\t<\/div>\n\t\t<\/section>\n\t\t\t\t<section class=\"elementor-element elementor-element-19a8a99 elementor-section-content-top elementor-section-boxed elementor-section-height-default elementor-section-height-default elementor-section elementor-top-section\" data-id=\"19a8a99\" data-element_type=\"section\">\n\t\t\t\t\t\t<div class=\"elementor-container elementor-column-gap-default\">\n\t\t\t\t<div class=\"elementor-row\">\n\t\t\t\t<div class=\"elementor-element elementor-element-8b9b58a elementor-column elementor-col-66 elementor-top-column\" data-id=\"8b9b58a\" data-element_type=\"column\">\n\t\t\t<div class=\"elementor-column-wrap  elementor-element-populated\">\n\t\t\t\t\t<div class=\"elementor-widget-wrap\">\n\t\t\t\t<div class=\"elementor-element elementor-element-a0273dd gallery-spacing-custom elementor-widget elementor-widget-image-gallery\" data-id=\"a0273dd\" data-element_type=\"widget\" data-widget_type=\"image-gallery.default\">\n\t\t\t\t<div class=\"elementor-widget-container\">\n\t\t\t\t\t<div class=\"elementor-image-gallery\">\n\t\t\t<div id='gallery-1' class='gallery galleryid-73 gallery-columns-2 gallery-size-medium_large'><figure class='gallery-item'>\n\t\t\t<div class='gallery-icon landscape'>\n\t\t\t\t<a data-elementor-open-lightbox=\"default\" data-elementor-lightbox-slideshow=\"a0273dd\" href='http:\/\/www.collectifjeuxdemain.fr\/wp-content\/uploads\/2019\/03\/dessin-enfant-bus-ol.jpg'><img loading=\"lazy\" decoding=\"async\" width=\"768\" height=\"543\" src=\"http:\/\/www.collectifjeuxdemain.fr\/wp-content\/uploads\/2019\/03\/dessin-enfant-bus-ol-768x543.jpg\" class=\"attachment-medium_large size-medium_large\" alt=\"\" srcset=\"http:\/\/www.collectifjeuxdemain.fr\/wp-content\/uploads\/2019\/03\/dessin-enfant-bus-ol-768x543.jpg 768w, http:\/\/www.collectifjeuxdemain.fr\/wp-content\/uploads\/2019\/03\/dessin-enfant-bus-ol-300x212.jpg 300w, http:\/\/www.collectifjeuxdemain.fr\/wp-content\/uploads\/2019\/03\/dessin-enfant-bus-ol-1024x724.jpg 1024w\" sizes=\"auto, (max-width: 768px) 100vw, 768px\" \/><\/a>\n\t\t\t<\/div><\/figure><figure class='gallery-item'>\n\t\t\t<div class='gallery-icon landscape'>\n\t\t\t\t<a data-elementor-open-lightbox=\"default\" data-elementor-lightbox-slideshow=\"a0273dd\" href='http:\/\/www.collectifjeuxdemain.fr\/wp-content\/uploads\/2019\/07\/Apprentibus-fb5-ok.jpg'><img loading=\"lazy\" decoding=\"async\" width=\"768\" height=\"510\" src=\"http:\/\/www.collectifjeuxdemain.fr\/wp-content\/uploads\/2019\/07\/Apprentibus-fb5-ok-768x510.jpg\" class=\"attachment-medium_large size-medium_large\" alt=\"\" srcset=\"http:\/\/www.collectifjeuxdemain.fr\/wp-content\/uploads\/2019\/07\/Apprentibus-fb5-ok-768x510.jpg 768w, http:\/\/www.collectifjeuxdemain.fr\/wp-content\/uploads\/2019\/07\/Apprentibus-fb5-ok-300x199.jpg 300w, http:\/\/www.collectifjeuxdemain.fr\/wp-content\/uploads\/2019\/07\/Apprentibus-fb5-ok-1024x680.jpg 1024w, http:\/\/www.collectifjeuxdemain.fr\/wp-content\/uploads\/2019\/07\/Apprentibus-fb5-ok.jpg 1181w\" sizes=\"auto, (max-width: 768px) 100vw, 768px\" \/><\/a>\n\t\t\t<\/div><\/figure><figure class='gallery-item'>\n\t\t\t<div class='gallery-icon landscape'>\n\t\t\t\t<a data-elementor-open-lightbox=\"default\" data-elementor-lightbox-slideshow=\"a0273dd\" href='http:\/\/www.collectifjeuxdemain.fr\/wp-content\/uploads\/2019\/07\/Apprentibus-fb2-ok.jpg'><img loading=\"lazy\" decoding=\"async\" width=\"768\" height=\"510\" src=\"http:\/\/www.collectifjeuxdemain.fr\/wp-content\/uploads\/2019\/07\/Apprentibus-fb2-ok-768x510.jpg\" class=\"attachment-medium_large size-medium_large\" alt=\"\" srcset=\"http:\/\/www.collectifjeuxdemain.fr\/wp-content\/uploads\/2019\/07\/Apprentibus-fb2-ok-768x510.jpg 768w, http:\/\/www.collectifjeuxdemain.fr\/wp-content\/uploads\/2019\/07\/Apprentibus-fb2-ok-300x199.jpg 300w, http:\/\/www.collectifjeuxdemain.fr\/wp-content\/uploads\/2019\/07\/Apprentibus-fb2-ok-1024x680.jpg 1024w, http:\/\/www.collectifjeuxdemain.fr\/wp-content\/uploads\/2019\/07\/Apprentibus-fb2-ok.jpg 1181w\" sizes=\"auto, (max-width: 768px) 100vw, 768px\" \/><\/a>\n\t\t\t<\/div><\/figure><figure class='gallery-item'>\n\t\t\t<div class='gallery-icon landscape'>\n\t\t\t\t<a data-elementor-open-lightbox=\"default\" data-elementor-lightbox-slideshow=\"a0273dd\" href='http:\/\/www.collectifjeuxdemain.fr\/wp-content\/uploads\/2019\/07\/Apprentibus-fb1-Ok.jpg'><img loading=\"lazy\" decoding=\"async\" width=\"768\" height=\"510\" src=\"http:\/\/www.collectifjeuxdemain.fr\/wp-content\/uploads\/2019\/07\/Apprentibus-fb1-Ok-768x510.jpg\" class=\"attachment-medium_large size-medium_large\" alt=\"\" srcset=\"http:\/\/www.collectifjeuxdemain.fr\/wp-content\/uploads\/2019\/07\/Apprentibus-fb1-Ok-768x510.jpg 768w, http:\/\/www.collectifjeuxdemain.fr\/wp-content\/uploads\/2019\/07\/Apprentibus-fb1-Ok-300x199.jpg 300w, http:\/\/www.collectifjeuxdemain.fr\/wp-content\/uploads\/2019\/07\/Apprentibus-fb1-Ok-1024x680.jpg 1024w, http:\/\/www.collectifjeuxdemain.fr\/wp-content\/uploads\/2019\/07\/Apprentibus-fb1-Ok.jpg 1181w\" sizes=\"auto, (max-width: 768px) 100vw, 768px\" \/><\/a>\n\t\t\t<\/div><\/figure>\n\t\t<\/div>\n\t\t<\/div>\n\t\t\t\t<\/div>\n\t\t\t\t<\/div>\n\t\t\t\t\t\t<\/div>\n\t\t\t<\/div>\n\t\t<\/div>\n\t\t\t\t<div class=\"elementor-element elementor-element-ab8e94e elementor-column elementor-col-33 elementor-top-column\" data-id=\"ab8e94e\" data-element_type=\"column\">\n\t\t\t<div class=\"elementor-column-wrap  elementor-element-populated\">\n\t\t\t\t\t<div class=\"elementor-widget-wrap\">\n\t\t\t\t<div class=\"elementor-element elementor-element-fcd9bb4 elementor-widget elementor-widget-heading\" data-id=\"fcd9bb4\" data-element_type=\"widget\" data-widget_type=\"heading.default\">\n\t\t\t\t<div class=\"elementor-widget-container\">\n\t\t\t<h5 class=\"elementor-heading-title elementor-size-small\">CR\u00c9ATION DE NOUVEAUX CARACT\u00c8RES<\/h5>\t\t<\/div>\n\t\t\t\t<\/div>\n\t\t\t\t<div class=\"elementor-element elementor-element-ba5fb01 elementor-widget elementor-widget-text-editor\" data-id=\"ba5fb01\" data-element_type=\"widget\" data-widget_type=\"text-editor.default\">\n\t\t\t\t<div class=\"elementor-widget-container\">\n\t\t\t\t\t<div class=\"elementor-text-editor elementor-clearfix\"><p>L\u2019id\u00e9e est de s\u2019approprier le syst\u00e8me du code. C\u2019est ce\u00a0syst\u00e8me que nous utilisons tous les jours pour \u00e9crire\u00a0\u00e0 partir d\u2019un alphabet. On va d\u2019abord proposer \u00e0\u00a0chacun de remplacer une lettre de notre alphabet\u00a0par un signe de son choix. Ce qui est int\u00e9ressant ici,\u00a0c\u2019est de travailler \u00e0 plusieurs sur le m\u00eame alphabet<br \/>pour cr\u00e9er un nouvel alphabet collectif. Une fois que\u00a0chacun \u00e0 choisi un nouveau signe, on v\u00e9rifie si il est\u00a0gravable sur les tampon, on le corrige si besoin et\u00a0on grave un signe par tampon.<br \/>Une fois les 26 lettres remplac\u00e9s, on obtient un<br \/>alphabet cod\u00e9, dont le d\u00e9chiffrage appartient au\u00a0groupe qui l\u2019a cr\u00e9\u00e9&#8230; On peut ensuite s\u2019amuser \u00e0\u00a0\u00e9crire des mots, des phrases avec.<\/p><\/div>\n\t\t\t\t<\/div>\n\t\t\t\t<\/div>\n\t\t\t\t<div class=\"elementor-element elementor-element-c4d4fc1 elementor-widget elementor-widget-heading\" data-id=\"c4d4fc1\" data-element_type=\"widget\" data-widget_type=\"heading.default\">\n\t\t\t\t<div class=\"elementor-widget-container\">\n\t\t\t<h2 class=\"elementor-heading-title elementor-size-default\">Cr\u00e9er les caract\u00e8res d\u2019un alphabet collectif et composer des mots avec ce nouveau code.<\/h2>\t\t<\/div>\n\t\t\t\t<\/div>\n\t\t\t\t<div class=\"elementor-element elementor-element-3b2dc36 elementor-button-danger elementor-invisible elementor-widget elementor-widget-button\" data-id=\"3b2dc36\" data-element_type=\"widget\" data-settings=\"{&quot;_animation&quot;:&quot;fadeIn&quot;}\" data-widget_type=\"button.default\">\n\t\t\t\t<div class=\"elementor-widget-container\">\n\t\t\t\t\t<div class=\"elementor-button-wrapper\">\n\t\t\t<a href=\"http:\/\/www.collectifjeuxdemain.fr\/wp-content\/uploads\/2025\/06\/Fiche-ABCode-2025.pdf\" class=\"elementor-button-link elementor-button elementor-size-xs\" target=\"_blank\" role=\"button\">\n\t\t\t\t\t\t<span class=\"elementor-button-content-wrapper\">\n\t\t\t\t\t\t<span class=\"elementor-button-icon elementor-align-icon-left\">\n\t\t\t\t<i class=\"fa fa-briefcase\" aria-hidden=\"true\"><\/i>\n\t\t\t<\/span>\n\t\t\t\t\t\t<span class=\"elementor-button-text\">FICHE DE L'ATELIER<\/span>\n\t\t<\/span>\n\t\t\t\t\t<\/a>\n\t\t<\/div>\n\t\t\t\t<\/div>\n\t\t\t\t<\/div>\n\t\t\t\t\t\t<\/div>\n\t\t\t<\/div>\n\t\t<\/div>\n\t\t\t\t\t\t<\/div>\n\t\t\t<\/div>\n\t\t<\/section>\n\t\t\t\t<section class=\"elementor-element elementor-element-40a7d67 elementor-section-boxed elementor-section-height-default elementor-section-height-default elementor-section elementor-top-section\" data-id=\"40a7d67\" data-element_type=\"section\">\n\t\t\t\t\t\t<div class=\"elementor-container elementor-column-gap-default\">\n\t\t\t\t<div class=\"elementor-row\">\n\t\t\t\t<div class=\"elementor-element elementor-element-eac9078 elementor-column elementor-col-100 elementor-top-column\" data-id=\"eac9078\" data-element_type=\"column\">\n\t\t\t<div class=\"elementor-column-wrap  elementor-element-populated\">\n\t\t\t\t\t<div class=\"elementor-widget-wrap\">\n\t\t\t\t<div class=\"elementor-element elementor-element-db79598 elementor-widget elementor-widget-image\" data-id=\"db79598\" data-element_type=\"widget\" data-widget_type=\"image.default\">\n\t\t\t\t<div class=\"elementor-widget-container\">\n\t\t\t\t\t<div class=\"elementor-image\">\n\t\t\t\t\t\t\t<figure class=\"wp-caption\">\n\t\t\t\t\t\t\t\t\t\t<img loading=\"lazy\" decoding=\"async\" width=\"1024\" height=\"737\" src=\"http:\/\/www.collectifjeuxdemain.fr\/wp-content\/uploads\/2019\/07\/Apprentibus-alphabet-complet-Ok-1024x737.jpg\" class=\"attachment-large size-large\" alt=\"\" srcset=\"http:\/\/www.collectifjeuxdemain.fr\/wp-content\/uploads\/2019\/07\/Apprentibus-alphabet-complet-Ok-1024x737.jpg 1024w, http:\/\/www.collectifjeuxdemain.fr\/wp-content\/uploads\/2019\/07\/Apprentibus-alphabet-complet-Ok-300x216.jpg 300w, http:\/\/www.collectifjeuxdemain.fr\/wp-content\/uploads\/2019\/07\/Apprentibus-alphabet-complet-Ok-768x553.jpg 768w, http:\/\/www.collectifjeuxdemain.fr\/wp-content\/uploads\/2019\/07\/Apprentibus-alphabet-complet-Ok.jpg 1181w\" sizes=\"auto, (max-width: 1024px) 100vw, 1024px\" \/>\t\t\t\t\t\t\t\t\t\t\t<figcaption class=\"widget-image-caption wp-caption-text\">Alphabet collaboratif <\/figcaption>\n\t\t\t\t\t\t\t\t\t\t<\/figure>\n\t\t\t\t\t<\/div>\n\t\t\t\t<\/div>\n\t\t\t\t<\/div>\n\t\t\t\t\t\t<\/div>\n\t\t\t<\/div>\n\t\t<\/div>\n\t\t\t\t\t\t<\/div>\n\t\t\t<\/div>\n\t\t<\/section>\n\t\t\t\t\t\t<\/div>\n\t\t\t<\/div>\n\t\t<\/div>\n\t\t","protected":false},"excerpt":{"rendered":"<p>A.B.Cod\u00e9 Cr\u00e9ation d\u2019un alphabet cod\u00e9 avec l\u2019association Sport dans la Ville. Lyon. F\u00e9vrier 2018. CR\u00c9ATION DE NOUVEAUX CARACT\u00c8RES L\u2019id\u00e9e est de s\u2019approprier le syst\u00e8me du code. C\u2019est ce&nbsp;syst\u00e8me que nous utilisons tous les jours pour \u00e9crire&nbsp;\u00e0 partir d\u2019un alphabet. On va d\u2019abord proposer \u00e0&nbsp;chacun de remplacer une lettre de notre alphabet&nbsp;par un signe de son [&hellip;]<\/p>\n","protected":false},"author":1,"featured_media":0,"parent":753,"menu_order":2,"comment_status":"closed","ping_status":"closed","template":"","meta":{"footnotes":""},"class_list":["post-73","page","type-page","status-publish","hentry","entry"],"_links":{"self":[{"href":"http:\/\/www.collectifjeuxdemain.fr\/index.php?rest_route=\/wp\/v2\/pages\/73","targetHints":{"allow":["GET"]}}],"collection":[{"href":"http:\/\/www.collectifjeuxdemain.fr\/index.php?rest_route=\/wp\/v2\/pages"}],"about":[{"href":"http:\/\/www.collectifjeuxdemain.fr\/index.php?rest_route=\/wp\/v2\/types\/page"}],"author":[{"embeddable":true,"href":"http:\/\/www.collectifjeuxdemain.fr\/index.php?rest_route=\/wp\/v2\/users\/1"}],"replies":[{"embeddable":true,"href":"http:\/\/www.collectifjeuxdemain.fr\/index.php?rest_route=%2Fwp%2Fv2%2Fcomments&post=73"}],"version-history":[{"count":21,"href":"http:\/\/www.collectifjeuxdemain.fr\/index.php?rest_route=\/wp\/v2\/pages\/73\/revisions"}],"predecessor-version":[{"id":3205,"href":"http:\/\/www.collectifjeuxdemain.fr\/index.php?rest_route=\/wp\/v2\/pages\/73\/revisions\/3205"}],"up":[{"embeddable":true,"href":"http:\/\/www.collectifjeuxdemain.fr\/index.php?rest_route=\/wp\/v2\/pages\/753"}],"wp:attachment":[{"href":"http:\/\/www.collectifjeuxdemain.fr\/index.php?rest_route=%2Fwp%2Fv2%2Fmedia&parent=73"}],"curies":[{"name":"wp","href":"https:\/\/api.w.org\/{rel}","templated":true}]}}